late the remainder when 36586 is divided by 10366.
5488
What is the remainder when 309049 is divided by 324?
277
What is the remainder when 23525567 is divided by 94?
93
What is the remainder when 318286 is divided by 5051?
73
What is the remainder when 3367046 is divided by 561110?
386
Calculate the remainder when 62192 is divided by 3402.
956
Calculate the remainder when 99972191 is divided by 12496521.
23
What is the remainder when 1391616 is divided by 92?
24
What is the remainder when 4746045 is divided by 349?
343
What is the remainder when 61784630 is divided by 728?
726
What is the remainder when 115086202 is divided by 9136?
10
Calculate the remainder when 9892043 is divided by 486.
485
What is the remainder when 13096744 is divided by 29?
25
Calculate the remainder when 91455 is divided by 2700.
2355
What is the remainder when 10465325 is divided by 48?
29
Calculate the remainder when 5001651199 is divided by 7910.
7909
What is the remainder when 3077078 is divided by 286?
4
Calculate the remainder when 3655305 is divided by 3143.
3139
Calculate the remainder when 69506 is divided by 69120.
386
What is the remainder when 950879 is divided by 475033?
813
What is the remainder when 44956 is divided by 5525?
756
Calculate the remainder when 2726199 is divided by 1362945.
309
Calculate the remainder when 3881721 is divided by 517.
85
Calculate the remainder when 89568 is divided by 2414.
250
Calculate the remainder when 14953195 is divided by 191.
187
What is the remainder when 3784679 is divided by 686?
17
What is the remainder when 590361 is divided by 529?
526
Calculate the remainder when 6063407 is divided by 5.
2
What is the remainder when 942304 is divided by 39261?
40
What is the remainder when 13450 is divided by 2484?
1030
What is the remainder when 18650956 is divided by 101?
94
Calculate the remainder when 173380 is divided by 1482.
1468
Calculate the remainder when 17051422 is divided by 3565.
27
Calculate the remainder when 12279949 is divided by 6.
1
What is the remainder when 407738 is divided by 410?
198
What is the remainder when 1675582 is divided by 2029?
1657
Calculate the remainder when 6301788 is divided by 183.
0
What is the remainder when 12703939 is divided by 566?
69
Calculate the remainder when 1375794 is divided by 343947.
6
What is the remainder when 1023230 is divided by 1224?
1190
What is the remainder when 10253727 is divided by 301580?
7
Calculate the remainder when 520456 is divided by 2751.
517
Calculate the remainder when 30153080 is divided by 171.
137
Calculate the remainder when 39347 is divided by 38530.
817
What is the remainder when 185823080 is divided by 9?
8
What is the remainder when 231810 is divided by 1645?
1510
What is the remainder when 132131030 is divided by 2659?
2
Calculate the remainder when 904242 is divided by 41101.
20
Calculate the remainder when 93879 is divided by 1574.
1013
Calculate the remainder when 48375871 is divided by 90.
61
What is the remainder when 17597042 is divided by 1553?
1552
What is the remainder when 968786 is divided by 408?
194
What is the remainder when 2167334 is divided by 180609?
26
Calculate the remainder when 6314 is divided by 5062.
1252
What is the remainder when 25972953 is divided by 1111?
1106
Calculate the remainder when 25432223 is divided by 32.
31
What is the remainder when 60014 is divided by 1002?
896
What is the remainder when 250617311 is divided by 5958?
5957
What is the remainder when 1149279 is divided by 33?
21
Calculate the remainder when 414869 is divided by 29601.
455
What is the remainder when 34279331 is divided by 1524?
1523
What is the remainder when 1009128 is divided by 126?
120
Calculate the remainder when 80721 is divided by 2235.
261
Calculate the remainder when 1082035 is divided by 783.
712
What is the remainder when 7067753 is divided by 1511?
806
Calculate the remainder when 117139 is divided by 27410.
7499
What is the remainder when 481745 is divided by 1678?
159
What is the remainder when 8617655 is divided by 6374?
7
Calculate the remainder when 12920 is divided by 1325.
995
Calculate the remainder when 108025410 is divided by 151.
10
What is the remainder when 36065463 is divided by 12021812?
27
What is the remainder when 1789494 is divided by 137560?
1214
What is the remainder when 709945 is divided by 2151?
115
What is the remainder when 76295626 is divided by 18?
16
Calculate the remainder when 23129985 is divided by 34.
23
Calculate the remainder when 150907 is divided by 5181.
658
Calculate the remainder when 2688273 is divided by 1465.
1463
Calculate the remainder when 49822895 is divided by 9.
2
What is the remainder when 7944101 is divided by 7255?
7131
Calculate the remainder when 10466970 is divided by 3488987.
9
Calculate the remainder when 2408452 is divided by 2393.
1094
What is the remainder when 15006863 is divided by 7503387?
89
Calculate the remainder when 30188 is divided by 3316.
344
Calculate the remainder when 185738094 is divided by 707.
3
Calculate the remainder when 30728092 is divided by 39244.
40
What is the remainder when 219704 is divided by 2586?
2480
What is the remainder when 7555013 is divided by 196?
193
What is the remainder when 3660468 is divided by 2732?
2320
Calculate the remainder when 2718934 is divided by 25.
9
What is the remainder when 877923 is divided by 109730?
83
Calculate the remainder when 7821409 is divided by 479.
297
Calculate the remainder when 34843153 is divided by 227733.
4
Calculate the remainder when 377287 is divided by 36.
7
Calculate the remainder when 69060637 is divided by 269.
267
What is the remainder when 891969 is divided by 2868?
21
What is the remainder when 27094198 is divided by 16381?
24
Calculate the remainder when 17092158 is divided by 16.
14
Calculate the remainder when 297272 is divided by 7435.
7307
Calculate the remainder when 14734196 is divided by 306.
296
Calculate the remainder when 264111 is divided by 510.
441
Calculate the remainder when 5782237 is divided by 387.
70
What is the remainder when 139787418 is divided by 1827?
1821
Calculate the remainder when 223263 is divided by 222911.
352
What is the remainder when 121455 is divided by 1898?
1881
What is the remainder when 242770 is divided by 6?
4
What is the remainder when 3175379 is divided by 2853?
2843
What is the remainder when 5118818 is divided by 2559406?
6
Calculate the remainder when 37108 is divided by 225.
208
Calculate the remainder when 2030437 is divided by 507599.
41
What is the remainder when 2565073 is divided by 15736?
105
Calculate the remainder when 438537 is divided by 73037.
315
Calculate the remainder when 115508774 is divided by 1309.
1305
What is the remainder when 7833588 is divided by 90?
78
Calculate the remainder when 388889 is divided by 657.
602
Calculate the remainder when 96977 is divided by 288.
209
Calculate the remainder when 28004128 is divided by 9.
7
What is the remainder when 702274 is divided by 29?
10
What is the remainder when 8826481 is divided by 4413239?
3
What is the remainder when 109567 is divided by 367?
201
Calculate the remainder when 169041 is divided by 20.
1
Calculate the remainder when 3158901 is divided by 1350.
1251
What is the remainder when 10103709 is divided by 812?
805
Calculate the remainder when 10007254 is divided by 388.
346
Calculate the remainder when 164550 is divided by 81084.
2382
What is the remainder when 2291562 is divided by 30152?
10
What is the remainder when 14061739 is divided by 220?
219
What is the remainder when 1964771 is divided by 280673?
60
What is the remainder when 25736 is divided by 25614?
122
Calculate the remainder when 180934051 is divided by 39.
25
What is the remainder when 40717947 is divided by 75?
72
What is the remainder when 925494 is divided by 168?
150
What is the remainder when 29278767 is divided by 16?
15
What is the remainder when 764883 is divided by 5201?
336
Calculate the remainder when 7107433 is divided by 37.
29
Calculate the remainder when 3123976 is divided by 4303.
4301
Calculate the remainder when 679731 is divided by 225856.
2163
Calculate the remainder when 608608519 is divided by 8.
7
What is the remainder when 295401 is divided by 10176?
297
Calculate th